*s - 9. Let r(p) = -2*a(p) + 9*t(p). Let i = 28 + -20. Suppose 0 = -2*x - i. What is r(x)?
4
Let q(f) = 9*f - 6*f**2 + 8 - f**3 + 5 - 5. Let r be q(-7). Let g(d) = 0*d + 3*d - 3*d + d. What is g(r)?
-6
Let u(d) = 6*d + 3. Let z be ((-8)/(-20))/((-2)/10). Determine u(z).
-9
Let n(a) be the third derivative of -7*a**4/8 - a**3/6 - 32*a**2. Determine n(-1).
20
Let u(d) = d**3 - 4*d**2 + 4*d - 4. Let x be u(3). Let j be x + 4 + 1 + -2. Let y(g) = -g - g**j + 2 + 5*g - 4 - 2. What is y(5)?
-9
Let d(y) = y. Let l be d(1). Let x(n) = 4*n + 3. Let b(k) = 3*k + 2. Let q(j) = -j**3 + 7*j**2 + 7. Let m be q(7). Let u(z) = m*b(z) - 5*x(z). Give u(l).
0
Let w(j) = 2*j + 1. Let x(k) = k**3 - 3*k**2 - 5*k + 6. Let m be x(4). Suppose 0 = -m*l - 2 + 18. Suppose -2*d + l = 2*d. What is w(d)?
5
Let x(n) = n**3 - n**2 - n - 6. Let r = 3 - 3. Suppose r = 3*v + v + 36. Let c = -9 - v. Give x(c).
-6
Let x(t) be the first derivative of -t**2/2 + t - 22. Give x(-4).
5
Let u(r) = r**2 + 4*r + 1. Let w = -44 - -30. Let i = 9 + w. Calculate u(i).
6
Let k(s) = s. Let t be k(4). Suppose -5*f + r = -17, -4*f + 4 = -t*r - 0. Let a(h) = h - h**3 - 4*h + 4*h**2 + 0 + 1. Give a(f).
-11
Let v(z) = -z - 7. Suppose -5*c - 18 + 3 = -4*s, -4*s + 23 = 3*c. Let a(g) = g + 13. Let p(r) = s*v(r) + 3*a(r). Let t = -2 + 5. Determine p(t).
-2
Suppose -2 = c - 0, -2*r = c - 4. Let p(a) = -2*a + 3. Determine p(r).
-3
Let b(d) = -3*d - 1. Suppose 3 = -3*k + 18. Determine b(k).
-16
Let z(l) be the first derivative of l**4/12 + 2*l**3/3 + 2*l**2 - 3*l - 3. Let u(d) be the first derivative of z(d). Calculate u(-4).
4
Let i(q) = -3*q**3 - 14*q**2 + 8*q + 14. Let l(w) = -w**3 - 5*w**2 + 3*w + 5. Let o(c) = 4*i(c) - 11*l(c). Give o(-2).
7
Let p(c) be the first derivative of c**2 - 2*c + 4. Let d(m) = -5*m**2 - 2*m - 1. Let b be d(-1). Calculate p(b).
-10
Suppose 4 = 3*k - 5. Suppose -l - 4 = k*l. Let h(m) = -1 + 0*m - m + 5*m + 0. Give h(l).
-5
Let t(x) = 48*x - 3 + 5 - 47*x. Determine t(-3).
-1
Let r(h) = -h**3 - 8*h**2 - h - 4. Let t(c) = 2*c**3 + 15*c**2 + 2*c + 7. Let o(s) = 11*r(s) + 6*t(s). What is o(2)?
16
Let q(k) be the first derivative of -k**6/360 + k**5/20 + k**4/8 + k**3 - 1. Let r(c) be the third derivative of q(c). What is r(7)?
-4
Let n(w) = -3*w**2 + 0*w**3 + w**3 + 7 + 0*w + w + 4*w**2. Calculate n(0).
7
Let y(c) be the third derivative of c**4/24 - c**3/6 + 7*c**2. Calculate y(1).
0
Let o(k) = 9*k**2 + 6*k - 5. Let i(c) = -27*c**2 - 17*c + 14. Let y(h) = 6*i(h) + 17*o(h). Suppose -3*b - 5*d = 8, -3*d - 1 = -b + 1. Give y(b).
-10
Let a(k) = k. Let w(q) = -2*q**3 + 3*q**2 - 2*q + 3. Let y be w(2). Let z(f) = -f. Let x(u) = y*a(u) - 6*z(u). Determine x(-4).
-4
Let v(j) = j**2 - 6*j - 23. Let c be v(8). Let x(a) = -a + 2. Give x(c).
9
Let o(i) = -i**3 + 12*i**2 + 5. Let j be o(12). Let x be (j + -3)/(2/4). Let a(l) = -4*l + 6. Give a(x).
-10
Let v(y) = y**3 + 6*y**2 + 6*y - 2. Suppose 2*f + 2 = 3*f + h, 0 = f - 3*h + 14. Let z = f - -9. Suppose -z*g - 25 = -2*g. Calculate v(g).
-7
Let i(o) be the first derivative of 0*o + 2*o**4 + 1/2*o**2 + 2/3*o**3 + 2. Suppose -4*y = 2 + 2. Determine i(y).
-7
Let d(u) = 2*u**2 + 2*u + 1. Let i be 2/(-2) - 15/(-5). Let b = -4 + i. What is d(b)?
5
Let k(t) be the second derivative of t**2 + t + 1/3*t**3 + 0. Determine k(3).
8
Let v = 15 + -13. Suppose -4*n = -3*n + v. Let t(f) = -f**2 - 2. What is t(n)?
-6
Let c(a) be the first derivative of -a**5/120 + a**4/12 - 5*a**3/3 - 6. Let u(i) be the third derivative of c(i). Determine u(-5).
7
Suppose -3 = -v + 3. Let r be -8 + v - 14/(-2). Let x(g) = -r + 2*g + 6 - g - 5*g**2. Determine x(-1).
-5
Let v(f) = -f + 3. Let b(x) = x**2 + 4*x - 2. Let k be b(-6). Let h(g) = -g**3 + 11*g**2 - 9*g - 6. Let y be h(k). Determine v(y).
-1
Suppose 0 = -7*y + 3*y - 4. Let g(v) = 23*v + 7. Let a(c) = -7*c - 2. Let l(o) = 14*a(o) + 4*g(o). Calculate l(y).
6
Let z(s) be the second derivative of s**5/60 + s**4/24 + 3*s**2 - 4*s. Let i(j) be the first derivative of z(j). What is i(1)?
2
Suppose 5*p - 31 = -6. Let s = -1 + p. Let n(f) = 2*f**2 - 8*f + 2. Let a(o) = -o**2 + 4*o - 1. Let j(m) = 5*a(m) + 3*n(m). Calculate j(s).
1
Suppose -3*v = 3*u - 2*v - 2, 2*v = 4*u + 4. Let s(t) = 20 - 14 + u*t + t. Determine s(-6).
0
Let p(z) = z**3 - 2*z**3 + 9 + 10*z - 8*z**2 - 9*z. Determine p(-8).
1
Let n be ((-5)/(-4))/((-2)/(-8)). Let j(q) = 3*q - 1. Let v(l) = -16*l + 5. Let b(d) = -11*j(d) - 2*v(d). Give b(n).
-4
Suppose -3*a = -6*a + 12. Suppose -3*r + a*r + 17 = 3*u, -r = -5*u + 27. Suppose 0 = -3*f - 3*t, -u*t + t - 5 = 3*f. Let b(p) = -p**2 + 7*p - 6. Calculate b(f).
4
Let o(m) = 5*m**2 - 11*m - 6. Let n(w) = 5 + 32*w - 4 + 16 - 14*w**2. Suppose 68 = -15*f + 11*f. Let r(a) = f*o(a) - 6*n(a). Calculate r(-4).
4
Let i(z) = -z. Let p(f) = -2*f - 1. Let m(u) = -10*i(u) + 4*p(u). Determine m(-4).
-12
Let v(l) = -10*l**3 + l - 4. Let o(t) = 9*t**3 - t + 5. Let y(a) = 4*o(a) + 5*v(a). What is y(1)?
-13
Let t(g) = g**3 - g. Let y be (1/(-3)*3)/1. What is t(y)?
0
Let k(p) = 8*p. Let g(m) = -4*m - 5. Let n(r) = -3*r - 5. Let y(o) = o**2 - 10*o + 5. Let t be y(9). Let s(b) = t*g(b) + 5*n(b). Let c be s(6). Calculate k(c).
8
Let u(x) = -x + 7. Let h be u(7). Let n = h + -1. Let v(o) = o + 1. Let c(t) = 5*t + 10. Let m(b) = n*c(b) + 6*v(b). Give m(3).
-1
Let d(i) = 3*i**2 - 9*i + 6. Let p(a) = -a - 1. Let l be p(-3). Let t(g) = -10*g + g**2 + 7 + 4*g**l - g**2. Let o(n) = -3*d(n) + 2*t(n). What is o(5)?
6
Let o be (-42)/(-189) + 11/(-9). Let a(d) = -d**2 + 2. Let p(r) = -1. Let m(s) = 2*a(s) + 4*p(s). Determine m(o).
-2
Let x be (-14)/(-6) - 2 - 50/15. Let b(q) = q**3 + 4*q**2 + q. Give b(x).
6
Let y = 18 - 10. Let b = y + -5. Let a(n) = 6*n**2 - 10*n + 4. Let t(l) = -7*l**2 + 11*l - 4. Let v(s) = 6*a(s) + 5*t(s). Give v(b).
-2
Let o = 1 + 0. Let h be 2 + o - 0 - 4. Let d(z) = -z**2 + z + 7. Let q(b) = -2*b**2 + 2*b + 13. Let m(j) = -11*d(j) + 6*q(j). Calculate m(h).
-1
Let p be 6 + (3 - 14 - -3). Let c(o) = -o**3 + 2*o. Calculate c(p).
4
Let v(g) = g**3 - 2*g**2 - g + 2. Suppose -4*l - 4 + 12 = 0. Calculate v(l).
0
Let a be 1*3/(-3)*5. Let n(y) = -y**3 - 1. Let r(t) = t**3 - 4*t**2 + 6*t + 9. Let s(v) = 2*n(v) + r(v). Give s(a).
2
Let a = -116 + 106. Let t(u) = u + 3. Calculate t(a).
-7
Let i be -1 + 4*(-1)/(-2). Let w(q) = q**2 + q. Let u(y) = 2*y**2 + y - 2. Let v(a) = i*w(a) - u(a). Let m(c) be the first derivative of v(c). Determine m(3).
-6
Suppose 4*j - 3*f = -39, -3*j + 0 = 2*f + 25. Let w(x) = -x**2 - 9*x + 3. What is w(j)?
3
Let u(s) = s**3 - 7*s**2 - 8*s - 3. Suppose 0 = -l + 15 - 7. Determine u(l).
-3
Let f(r) = -r**2 - 2*r + 1. Let o be (2*1)/(4/(-6)). Let m be f(o). Let u(l) = 2*l + 5*l**2 - l**2 - 3*l**2 - l. What is u(m)?
2
Let p(n) = 4*n + 4*n - 3*n - 4*n. Let i(r) = r**2 - 10*r - 7. Let l(d) = i(d) + 5*p(d). Suppose 0 = -4*w, -w - 2*w + 20 = 4*f. Determine l(f).
-7
Let y(o) = o**2 - o - 8. Suppose -3*n + 4 = -2*x, 3 = -x - 2. Let p(l) = 6*l**2 - 6*l - 40. Let z(m) = n*p(m) + 11*y(m). Let a = -2 - -2. Calculate z(a).
-8
Let w(r) = -3*r + 2. Let l be -9 - -5 - (0/(-1))/(-2). Calculate w(l).
14
Suppose 0*i = -9*i - 36. Let t(r) = -r**3 - 3*r**2 + 2*r - 5. Give t(i).
3
Let j = -18 - -24. Let r(f) = -f**2 + 6*f - 1. Determine r(j).
-1
Let f(h) = h - 1. Let m be f(1). Let x(z) = 1 - z + 1 + 0 + 3. Calculate x(m).
5
Suppose 0 = -10*r + 3*r - 28. Let c(j) = -4*j + 0*j**2 - 1 + 0 - j**2. Give c(r).
-1
Suppose -14 = 5*p + 41. Let h = -7 - p. Suppose 4*o + 7*a + 5 = h*a, 2*o - 4*a = 14. Let w(v) = -8*v**2 + 2*v - 1. Calculate w(o).
-7
Let x(h) = -3*h + 7. Let d(b) = -b. Let v(l) = -2*d(l) + x(l). Determine v(0).
7
Let n(p) = 7 - 8 - 2*p + 2*p - p**3 - 2*p - 3*p**2. Calculate n(-1).
-1
Suppose -g + 48 = 3*g. Let c = g + -10. Let b be 5 + (-1 - c) + 3. Let q(j) = -j**3 + 5*j**2 - j + 2. Give q(b).
-3
Let b(v) = -v**2 + 5*v - 1. Let p be b(4). Let j(o) = o**p + 2*o + 7*o**2 + 4*o - 2 - 3. Let g be j(-6). Let u(s) = -s**3 - 5*s**2 - 2. Give u(g).
-2
Let l(v) be the first derivative of -1/24*v**4 + 0*v**2 - 2/3*v**3 - 1/40*v**5 + 0*v - 3. Let i(j) be the third derivative of l(j). Calculate i(1).
-4
Suppose 0 = -5*r + 13*r + 16. Let k(v) = -v**2 + 1. Calculate k(r).
-3
Suppose 13*f + 4 = 14*f. Suppose -5*v - 14 = -f*y - 3*v, 2*y - 5*